{"id":15,"date":"2023-03-10T19:06:31","date_gmt":"2023-03-10T19:06:31","guid":{"rendered":"http:\/\/preview.rav-kongress.de\/?page_id=15"},"modified":"2023-03-29T18:08:13","modified_gmt":"2023-03-29T17:08:13","slug":"kontakt","status":"publish","type":"page","link":"https:\/\/www.rav-kongress.de\/archiv\/2023\/kontakt\/","title":{"rendered":"Kontakt"},"content":{"rendered":"<header>\n<h5>RAV-Gesch\u00e4ftsstelle<\/h5>\n<\/header>\n<p>Republikanischer Anw\u00e4ltinnen- und Anw\u00e4lteverein e.V.<br \/>\nHaus der Demokratie und Menschenrechte<br \/>\nGreifswalderstra\u00dfe 4<br \/>\nAufgang A, 5. OG<br \/>\n10405 Berlin<\/p>\n<p>Tel.: +49 (0)30 41 72 35 55<br \/>\nFax: +49 (0)30 41 72 35 57<br \/>\n<a href=\"mailto:kontakt@rav.de\">kontakt@rav.de<\/a> (f\u00fcr allgemeine Vereinsfragen)<br \/>\n<a href=\"mailto:kongress23@rav.de\">kongress23@rav.de<\/a> (bei Fragen rund um den RAV-Kongress 16.\/17.6.23)<\/p>\n<p>Telefonische Erreichbarkeit:<br \/>\nMo &#8211; Fr 10-13 h und<br \/>\nDi, Mi, Do 14-16 h.<br \/>\nDie Pr\u00e4senz der Mitarbeiter*innen ist aber w\u00e4hrend dieser Zeiten in der Gesch\u00e4ftsstelle nicht sicher! Bitte vorher telefonisch oder per Mail Kontakt aufnehmen.<\/p>\n","protected":false},"excerpt":{"rendered":"<p>RAV-Gesch\u00e4ftsstelle Republikanischer Anw\u00e4ltinnen- und Anw\u00e4lteverein e.V. Haus der Demokratie und Menschenrechte Greifswalderstra\u00dfe 4 Aufgang A, 5. OG 10405 Berlin Tel.: +49 (0)30 41 72 35 55 Fax: +49 (0)30 41 [&hellip;]<\/p>\n","protected":false},"author":1,"featured_media":0,"parent":0,"menu_order":0,"comment_status":"closed","ping_status":"closed","template":"","meta":[],"_links":{"self":[{"href":"https:\/\/www.rav-kongress.de\/archiv\/2023\/wp-json\/wp\/v2\/pages\/15"}],"collection":[{"href":"https:\/\/www.rav-kongress.de\/archiv\/2023\/wp-json\/wp\/v2\/pages"}],"about":[{"href":"https:\/\/www.rav-kongress.de\/archiv\/2023\/wp-json\/wp\/v2\/types\/page"}],"author":[{"embeddable":true,"href":"https:\/\/www.rav-kongress.de\/archiv\/2023\/wp-json\/wp\/v2\/users\/1"}],"replies":[{"embeddable":true,"href":"https:\/\/www.rav-kongress.de\/archiv\/2023\/wp-json\/wp\/v2\/comments?post=15"}],"version-history":[{"count":17,"href":"https:\/\/www.rav-kongress.de\/archiv\/2023\/wp-json\/wp\/v2\/pages\/15\/revisions"}],"predecessor-version":[{"id":237,"href":"https:\/\/www.rav-kongress.de\/archiv\/2023\/wp-json\/wp\/v2\/pages\/15\/revisions\/237"}],"wp:attachment":[{"href":"https:\/\/www.rav-kongress.de\/archiv\/2023\/wp-json\/wp\/v2\/media?parent=15"}],"curies":[{"name":"wp","href":"https:\/\/api.w.org\/{rel}","templated":true}]}}